{"id":24900,"date":"2025-04-20T19:48:13","date_gmt":"2025-04-20T18:48:13","guid":{"rendered":"https:\/\/gopinkish.com\/?post_type=product&#038;p=24900"},"modified":"2026-01-03T09:11:35","modified_gmt":"2026-01-03T08:11:35","slug":"3474636954766","status":"publish","type":"product","link":"https:\/\/gopinkish.com\/kab\/product\/3474636954766\/","title":{"rendered":"\u0634\u0627\u0645\u0628\u0648 \u0644\u0641\u0631\u0648\u0629 \u0627\u0644\u0631\u0623\u0633 \u0627\u0644\u062f\u0647\u0646\u064a\u0629 \u0648 \u0627\u0644\u0634\u0639\u0631 \u0627\u0644\u062a\u0627\u0644\u0641 \u0648 \u062a\u0631\u0637\u064a\u0628 \u0627\u0644\u0634\u0639\u0631"},"content":{"rendered":"<p style=\"text-align: justify;\">\u0634\u0627\u0645\u0628\u0648 \u0628\u0627\u064a\u0646 \u062f\u064a\u0641\u0627\u0644\u0646\u062a \u0627\u0644\u0627\u062d\u062a\u0631\u0627\u0641\u064a \u0645\u0635\u0645\u0645 \u0644\u0641\u0631\u0648\u0629 \u0627\u0644\u0631\u0623\u0633 \u0627\u0644\u062f\u0647\u0646\u064a\u0629 \u0648\u0627\u0644\u0634\u0639\u0631 \u0627\u0644\u062a\u0627\u0644\u0641. \u063a\u0646\u064a \u0628\u0627\u0644\u0623\u062d\u0645\u0627\u0636 \u0627\u0644\u0623\u0645\u064a\u0646\u064a\u0629 \u0648\u0641\u064a\u062a\u0627\u0645\u064a\u0646 \u06286\u060c \u064a\u0646\u0638\u0641 \u0627\u0644\u0634\u0639\u0631 \u0628\u0644\u0637\u0641\u060c \u0648\u064a\u0632\u064a\u0644 \u0627\u0644\u0634\u0648\u0627\u0626\u0628 \u0648\u0627\u0644\u062f\u0647\u0648\u0646 \u0627\u0644\u0632\u0627\u0626\u062f\u0629\u060c \u0645\u0639 \u0645\u0631\u0627\u0639\u0627\u0629 \u0637\u0648\u0644 \u0627\u0644\u0634\u0639\u0631 \u0644\u0644\u062d\u062f \u0645\u0646 \u062c\u0641\u0627\u0641\u0647.<\/p>\n<p style=\"text-align: justify;\"><strong>\u0627\u0644\u0646\u062a\u0627\u0626\u062c: <\/strong>\u064a\u0635\u0628\u062d \u0627\u0644\u0634\u0639\u0631 \u0623\u0643\u062b\u0631 \u0643\u062b\u0627\u0641\u0629 \u0639\u0646\u062f \u0627\u0644\u062c\u0630\u0648\u0631 (+61.5%)\u060c \u0648\u064a\u0633\u0647\u0644 \u0641\u0643 \u062a\u0634\u0627\u0628\u0643\u0647. \u064a\u0628\u0642\u0649 \u0627\u0644\u0634\u0639\u0631 \u0644\u0627\u0645\u0639\u064b\u0627 \u0648\u0646\u0627\u0639\u0645\u064b\u0627 (+44%)\u060c \u0648\u062a\u064f\u0646\u0642\u0649 \u0641\u0631\u0648\u0629 \u0627\u0644\u0631\u0623\u0633.<\/p>\n<p style=\"text-align: justify;\"><strong>\u0637\u0631\u064a\u0642\u0629 \u0627\u0644\u0625\u0633\u062a\u0639\u0645\u0627\u0644:<\/strong> \u0636\u0639\u064a\u0647 \u0639\u0644\u0649 \u0634\u0639\u0631 \u0645\u0628\u0644\u0644 \u0648\u062f\u0644\u0643\u064a \u0641\u0631\u0648\u0629 \u0627\u0644\u0631\u0623\u0633 \u0648\u0627\u0644\u0623\u0637\u0631\u0627\u0641\u060c \u062b\u0645 \u0627\u0634\u0637\u0641\u064a\u0647. \u0643\u0631\u0631\u064a \u0627\u0644\u0639\u0645\u0644\u064a\u0629 \u0644\u062a\u0646\u0638\u064a\u0641 \u0627\u0644\u0634\u0639\u0631 \u0645\u0646 \u0627\u0644\u0623\u0637\u0631\u0627\u0641 \u0648\u0627\u0644\u0623\u0637\u0648\u0627\u0644. \u0627\u0634\u0637\u0641\u064a\u0647 \u062c\u064a\u062f\u064b\u0627. \u0627\u0633\u062a\u062e\u062f\u0645\u064a \u0627\u0644\u0637\u064a\u0646 \u0627\u0644\u0645\u062a\u0648\u0627\u0632\u0646 \u0645\u0631\u0629 \u0623\u0633\u0628\u0648\u0639\u064a\u064b\u0627 \u0644\u0631\u0648\u062a\u064a\u0646 \u0645\u062a\u0643\u0627\u0645\u0644 \u0644\u0644\u0639\u0646\u0627\u064a\u0629 \u0628\u0627\u0644\u0634\u0639\u0631.<\/p>\n<p dir=\"ltr\" style=\"text-align: center;\">\ud83c\uddec\ud83c\udde7 K\u00e9rastase Specifique Bain Divalent Balancing Shampoo<br \/>\n\ud83c\uddeb\ud83c\uddf7 K\u00e9rastase Sp\u00e9cifique Bain Divalent Shampooing \u00c9quilibrant<\/p>","protected":false},"excerpt":{"rendered":"<p>\u0634\u0627\u0645\u0628\u0648 \u0628\u0627\u064a\u0646 \u062f\u064a\u0641\u0627\u0644\u0646\u062a \u0627\u0644\u0627\u062d\u062a\u0631\u0627\u0641\u064a \u0645\u0635\u0645\u0645 \u0644\u0641\u0631\u0648\u0629 \u0627\u0644\u0631\u0623\u0633 \u0627\u0644\u062f\u0647\u0646\u064a\u0629 \u0648\u0627\u0644\u0634\u0639\u0631 \u0627\u0644\u062a\u0627\u0644\u0641. \u063a\u0646\u064a \u0628\u0627\u0644\u0623\u062d\u0645\u0627\u0636 \u0627\u0644\u0623\u0645\u064a\u0646\u064a\u0629 \u0648\u0641\u064a\u062a\u0627\u0645\u064a\u0646 \u06286\u060c \u064a\u0646\u0638\u0641 \u0627\u0644\u0634\u0639\u0631 \u0628\u0644\u0637\u0641\u060c \u0648\u064a\u0632\u064a\u0644 \u0627\u0644\u0634\u0648\u0627\u0626\u0628 \u0648\u0627\u0644\u062f\u0647\u0648\u0646 \u0627\u0644\u0632\u0627\u0626\u062f\u0629\u060c \u0645\u0639 \u0645\u0631\u0627\u0639\u0627\u0629 \u0637\u0648\u0644 \u0627\u0644\u0634\u0639\u0631 \u0644\u0644\u062d\u062f \u0645\u0646 \u062c\u0641\u0627\u0641\u0647. \u0627\u0644\u0646\u062a\u0627\u0626\u062c: \u064a\u0635\u0628\u062d \u0627\u0644\u0634\u0639\u0631 \u0623\u0643\u062b\u0631 \u0643\u062b\u0627\u0641\u0629 \u0639\u0646\u062f \u0627\u0644\u062c\u0630\u0648\u0631 (+61.5%)\u060c \u0648\u064a\u0633\u0647\u0644 \u0641\u0643 \u062a\u0634\u0627\u0628\u0643\u0647. \u064a\u0628\u0642\u0649 \u0627\u0644\u0634\u0639\u0631 \u0644\u0627\u0645\u0639\u064b\u0627 \u0648\u0646\u0627\u0639\u0645\u064b\u0627 (+44%)\u060c \u0648\u062a\u064f\u0646\u0642\u0649 \u0641\u0631\u0648\u0629 \u0627\u0644\u0631\u0623\u0633. \u0637\u0631\u064a\u0642\u0629 \u0627\u0644\u0625\u0633\u062a\u0639\u0645\u0627\u0644: \u0636\u0639\u064a\u0647 \u0639\u0644\u0649 \u0634\u0639\u0631 \u0645\u0628\u0644\u0644 \u0648\u062f\u0644\u0643\u064a [&hellip;]<\/p>\n","protected":false},"featured_media":24901,"template":"","meta":[],"pwb-brand":[252],"product_brand":[],"product_cat":[1148,1155],"product_tag":[765,1035],"class_list":{"0":"post-24900","1":"product","2":"type-product","3":"status-publish","4":"has-post-thumbnail","6":"pwb-brand-kerastase","7":"product_cat-hair-shampoo","8":"product_cat-scalp-care","9":"product_tag-765","10":"product_tag-1035","12":"first","13":"outofstock","14":"shipping-taxable","15":"product-type-variable","16":"has-default-attributes","17":"wvs-archive-product-wrapper"},"brands":[{"id":252,"name":"K\u00e9rastase","slug":"kerastase"}],"_links":{"self":[{"href":"https:\/\/gopinkish.com\/kab\/wp-json\/wp\/v2\/product\/24900","targetHints":{"allow":["GET"]}}],"collection":[{"href":"https:\/\/gopinkish.com\/kab\/wp-json\/wp\/v2\/product"}],"about":[{"href":"https:\/\/gopinkish.com\/kab\/wp-json\/wp\/v2\/types\/product"}],"wp:featuredmedia":[{"embeddable":true,"href":"https:\/\/gopinkish.com\/kab\/wp-json\/wp\/v2\/media\/24901"}],"wp:attachment":[{"href":"https:\/\/gopinkish.com\/kab\/wp-json\/wp\/v2\/media?parent=24900"}],"wp:term":[{"taxonomy":"pwb-brand","embeddable":true,"href":"https:\/\/gopinkish.com\/kab\/wp-json\/wp\/v2\/pwb-brand?post=24900"},{"taxonomy":"product_brand","embeddable":true,"href":"https:\/\/gopinkish.com\/kab\/wp-json\/wp\/v2\/product_brand?post=24900"},{"taxonomy":"product_cat","embeddable":true,"href":"https:\/\/gopinkish.com\/kab\/wp-json\/wp\/v2\/product_cat?post=24900"},{"taxonomy":"product_tag","embeddable":true,"href":"https:\/\/gopinkish.com\/kab\/wp-json\/wp\/v2\/product_tag?post=24900"}],"curies":[{"name":"wp","href":"https:\/\/api.w.org\/{rel}","templated":true}]}}